86?
2, 7193
What are the prime factors of 46079?
11, 59, 71
List the prime factors of 5319.
3, 197
List the prime factors of 28721.
7, 11, 373
List the prime factors of 92539.
29, 3191
What are the prime factors of 4652?
2, 1163
List the prime factors of 1337.
7, 191
What are the prime factors of 5768?
2, 7, 103
List the prime factors of 680.
2, 5, 17
What are the prime factors of 2792?
2, 349
What are the prime factors of 10489?
17, 617
What are the prime factors of 24173?
23, 1051
List the prime factors of 625.
5
What are the prime factors of 844?
2, 211
List the prime factors of 1980.
2, 3, 5, 11
What are the prime factors of 8199?
3, 911
List the prime factors of 75356.
2, 18839
What are the prime factors of 157?
157
List the prime factors of 853.
853
List the prime factors of 29054.
2, 73, 199
What are the prime factors of 1327?
1327
What are the prime factors of 1944?
2, 3
List the prime factors of 9542.
2, 13, 367
What are the prime factors of 495?
3, 5, 11
List the prime factors of 62696.
2, 17, 461
List the prime factors of 2511.
3, 31
List the prime factors of 1054.
2, 17, 31
What are the prime factors of 58511?
58511
List the prime factors of 482.
2, 241
What are the prime factors of 19702?
2, 9851
What are the prime factors of 2234?
2, 1117
What are the prime factors of 2901?
3, 967
What are the prime factors of 37966?
2, 41, 463
What are the prime factors of 1419?
3, 11, 43
What are the prime factors of 7527?
3, 13, 193
List the prime factors of 141597.
3, 15733
What are the prime factors of 275?
5, 11
What are the prime factors of 10499?
10499
List the prime factors of 33279.
3, 11093
What are the prime factors of 6712?
2, 839
What are the prime factors of 3297?
3, 7, 157
What are the prime factors of 3336?
2, 3, 139
List the prime factors of 4455.
3, 5, 11
What are the prime factors of 90983?
37, 2459
List the prime factors of 30908.
2, 7727
What are the prime factors of 24741?
3, 2749
List the prime factors of 722.
2, 19
What are the prime factors of 188?
2, 47
List the prime factors of 73242.
2, 3, 13, 313
List the prime factors of 18727.
61, 307
List the prime factors of 71965.
5, 37, 389
List the prime factors of 142.
2, 71
What are the prime factors of 4464?
2, 3, 31
List the prime factors of 1950.
2, 3, 5, 13
List the prime factors of 1819.
17, 107
What are the prime factors of 3314?
2, 1657
List the prime factors of 3759.
3, 7, 179
List the prime factors of 10435.
5, 2087
List the prime factors of 49539.
3, 7, 337
What are the prime factors of 1621?
1621
What are the prime factors of 5891?
43, 137
List the prime factors of 18912.
2, 3, 197
List the prime factors of 58993.
11, 31, 173
List the prime factors of 11656.
2, 31, 47
What are the prime factors of 787?
787
List the prime factors of 1347.
3, 449
What are the prime factors of 1199?
11, 109
What are the prime factors of 15219?
3, 19, 89
What are the prime factors of 4176?
2, 3, 29
List the prime factors of 274.
2, 137
What are the prime factors of 8326?
2, 23, 181
List the prime factors of 4372.
2, 1093
List the prime factors of 16571.
73, 227
List the prime factors of 88934.
2, 53, 839
What are the prime factors of 4525?
5, 181
List the prime factors of 14642.
2, 7321
What are the prime factors of 42696?
2, 3, 593
What are the prime factors of 59083?
59083
List the prime factors of 39487.
7, 5641
What are the prime factors of 109923?
3, 11, 3331
What are the prime factors of 1626?
2, 3, 271
List the prime factors of 7925.
5, 317
What are the prime factors of 1805?
5, 19
List the prime factors of 12339.
3, 457
What are the prime factors of 135510?
2, 3, 5, 4517
What are the prime factors of 19461?
3, 13, 499
What are the prime factors of 10960?
2, 5, 137
What are the prime factors of 3033?
3, 337
What are the prime factors of 25246?
2, 13, 971
What are the prime factors of 1256?
2, 157
What are the prime factors of 95017?
13, 7309
List the prime factors of 15413.
15413
List the prime factors of 619.
619
What are the prime factors of 930?
2, 3, 5, 31
List the prime factors of 15706.
2, 7853
What are the prime factors of 15?
3, 5
What are the prime factors of 8618?
2, 31, 139
What are the prime factors of 10744?
2, 17, 79
List the prime factors of 3197.
23, 139
List the prime factors of 783.
3, 29
List the prime factors of 1241.
17, 73
What are the prime factors of 450?
2, 3, 5
What are the prime factors of 4591?
4591
What are the prime factors of 5381?
5381
What are the prime factors of 18989?
17, 1117
List the prime factors of 1463.
7, 11, 19
What are the prime factors of 1390?
2, 5, 139
List the prime factors of 8904.
2, 3, 7, 53
What are the prime factors of 1722?
2, 3, 7, 41
What are the prime factors of 1045?
5, 11, 19
What are the prime factors of 8710?
2, 5, 13, 67
What are the prime factors of 19044?
2, 3, 23
What are the prime factors of 4199?
13, 17, 19
What are the prime factors of 16174?
2, 8087
List the prime factors of 8042.
2, 4021
List the prime factors of 23458.
2, 37, 317
What are the prime factors of 76064?
2, 2377
List the prime factors of 8332.
2, 2083
List the prime factors of 80692.
2, 20173
What are the prime factors of 96?
2, 3
List the prime factors of 595.
5, 7, 17
What are the prime factors of 32?
2
List the prime factors of 1232.
2, 7, 11
What are the prime factors of 573?
3, 191
What are the prime factors of 11673?
3, 1297
List the prime factors of 797.
797
List the prime factors of 37661.
13, 2897
List the prime factors of 2385.
3, 5, 53
List the prime factors of 16566.
2, 3, 11, 251
List the prime factors of 40590.
2, 3, 5, 11, 41
What are the prime factors of 30732?
2, 3, 13, 197
List the prime factors of 3430.
2, 5, 7
What are the prime factors of 4347?
3, 7, 23
What are the prime factors of 72589?
11, 6599
What are the prime factors of 42067?
23, 31, 59
What are the prime factors of 865?
5, 173
What are the prime factors of 75810?
2, 3, 5, 7, 19
What are the prime factors of 17136?
2, 3, 7, 17
List the prime factors of 38097.
3, 17, 83
List the prime factors of 706.
2, 353
What are the prime factors of 3324?
2, 3, 277
What are the prime factors of 3355?
5, 11, 61
What are the prime factors of 3651?
3, 1217
List the prime factors of 305.
5, 61
List the prime factors of 3625.
5, 29
What are the prime factors of 1055?
5, 211
What are the prime factors of 12324?
2, 3, 13, 79
List the prime factors of 35956.
2, 89, 101
List the prime factors of 78809.
78809
List the prime factors of 1049.
1049
What are the prime factors of 5715?
3, 5, 127
List the prime factors of 8580.
2, 3, 5, 11, 13
List the prime factors of 109694.
2, 13, 4219
What are the prime factors of 121?
11
List the prime factors of 358.
2, 179
What are the prime factors of 30844?
2, 11, 701
What are the prime factors of 19932?
2, 3, 11, 151
List the prime factors of 72265.
5, 97, 149
List the prime factors of 11369.
11369
List the prime factors of 1334.
2, 23, 29
What are the prime factors of 181?
181
What are the prime factors of 48390?
2, 3, 5, 1613
List the prime factors of 2006.
2, 17, 59
What are the prime factors of 440?
2, 5, 11
List the prime factors of 27872.
2, 13, 67
List the prime factors of 19507.
19507
List the prime factors of 5960.
2, 5, 149
What are the prime factors of 2799?
3, 311
List the prime factors of 6.
2, 3
What are the prime factors of 13432?
2, 23, 73
List the prime factors of 1526.
2, 7, 109
List the prime factors of 592.
2, 37
List the prime factors of 550.
2, 5, 11
What are the prime factors of 3984?
2, 3, 83
What are the prime factors of 960?
2, 3, 5
List the prime factors of 34.
2, 17
What are the prime factors of 8887?
8887
What are the prime factors of 1926?
2, 3, 107
List the prime factors of 1599.
3, 13, 41
What are the prime factors of 10119?
3, 3373
List the prime factors of 15394.
2, 43, 179
What are the prime factors of 78798?
2, 3, 23, 571
What are the prime factors of 5547?
3, 43
List the prime factors of 6836.
2, 1709
List the prime factors of 666.
2, 3, 37
What are the prime factors of 16324?
2, 7, 11, 53
List the prime factors of 2443.
7, 349
What are the prime factors of 2113?
2113
What are the prime factors of 27064?
2, 17, 199
What are the prime factors of 14300?
2, 5, 11, 13
List the prime factors of 100968.
2, 3, 7, 601
W